9895?
5
What is the thousands digit of 1081357?
1
What is the hundreds digit of 571600?
6
What is the ten thousands digit of 24840992?
4
What is the ten thousands digit of 5529021?
2
What is the units digit of 110004?
4
What is the hundred thousands digit of 3941411?
9
What is the thousands digit of 1897748?
7
What is the units digit of 20102072?
2
What is the ten thousands digit of 183634?
8
What is the millions digit of 7075746?
7
What is the thousands digit of 109547?
9
What is the units digit of 2977314?
4
What is the hundreds digit of 510503?
5
What is the hundreds digit of 285324?
3
What is the units digit of 5107924?
4
What is the hundred thousands digit of 123864?
1
What is the ten thousands digit of 977797?
7
What is the units digit of 888292?
2
What is the hundreds digit of 54425?
4
What is the units digit of 555921?
1
What is the millions digit of 11185922?
1
What is the thousands digit of 7877642?
7
What is the tens digit of 346292?
9
What is the millions digit of 9644040?
9
What is the hundreds digit of 4708270?
2
What is the ten millions digit of 10519198?
1
What is the hundreds digit of 1489687?
6
What is the thousands digit of 422102?
2
What is the units digit of 1473947?
7
What is the tens digit of 257422?
2
What is the thousands digit of 1192988?
2
What is the thousands digit of 22856?
2
What is the hundreds digit of 3060328?
3
What is the tens digit of 2294709?
0
What is the millions digit of 1222507?
1
What is the hundreds digit of 166782?
7
What is the millions digit of 19275494?
9
What is the units digit of 970958?
8
What is the hundred thousands digit of 500282?
5
What is the hundreds digit of 289511?
5
What is the ten thousands digit of 3279101?
7
What is the hundreds digit of 582180?
1
What is the ten thousands digit of 247270?
4
What is the tens digit of 86006?
0
What is the tens digit of 35693208?
0
What is the thousands digit of 304590?
4
What is the hundreds digit of 51206?
2
What is the hundred thousands digit of 545564?
5
What is the units digit of 989379?
9
What is the hundred thousands digit of 1876650?
8
What is the hundreds digit of 5329963?
9
What is the tens digit of 235787?
8
What is the hundreds digit of 1341488?
4
What is the tens digit of 368322?
2
What is the hundreds digit of 16660621?
6
What is the hundred thousands digit of 535277?
5
What is the thousands digit of 344367?
4
What is the hundreds digit of 29667?
6
What is the tens digit of 2250779?
7
What is the ten millions digit of 18425172?
1
What is the ten thousands digit of 15154289?
5
What is the hundred thousands digit of 2990129?
9
What is the hundred thousands digit of 3346549?
3
What is the hundred thousands digit of 6499704?
4
What is the hundreds digit of 5057825?
8
What is the hundreds digit of 4851300?
3
What is the hundreds digit of 5117898?
8
What is the thousands digit of 4508699?
8
What is the ten thousands digit of 3358849?
5
What is the hundred thousands digit of 1543107?
5
What is the tens digit of 199747?
4
What is the hundreds digit of 20598676?
6
What is the hundred thousands digit of 159720?
1
What is the ten millions digit of 24064103?
2
What is the thousands digit of 21663224?
3
What is the thousands digit of 328259?
8
What is the millions digit of 5874900?
5
What is the hundred thousands digit of 151734?
1
What is the ten thousands digit of 1565162?
6
What is the millions digit of 10761685?
0
What is the units digit of 187920?
0
What is the ten thousands digit of 1176429?
7
What is the hundreds digit of 16070?
0
What is the thousands digit of 2141846?
1
What is the hundreds digit of 381074?
0
What is the hundreds digit of 626274?
2
What is the ten thousands digit of 297892?
9
What is the hundred thousands digit of 9279229?
2
What is the millions digit of 14186807?
4
What is the thousands digit of 76432?
6
What is the units digit of 9794475?
5
What is the thousands digit of 150656?
0
What is the millions digit of 2805268?
2
What is the hundreds digit of 6767?
7
What is the tens digit of 36275?
7
What is the millions digit of 2617577?
2
What is the hundreds digit of 21351598?
5
What is the millions digit of 2077459?
2
What is the millions digit of 6458572?
6
What is the hundreds digit of 194835?
8
What is the millions digit of 10517237?
0
What is the hundreds digit of 126203?
2
What is the hundreds digit of 299173?
1
What is the hundreds digit of 11544581?
5
What is the millions digit of 1940562?
1
What is the ten thousands digit of 99385?
9
What is the thousands digit of 932335?
2
What is the hundred thousands digit of 430386?
4
What is the ten thousands digit of 145355?
4
What is the hundred thousands digit of 1939663?
9
What is the units digit of 16755008?
8
What is the tens digit of 567126?
2
What is the tens digit of 3558038?
3
What is the tens digit of 750144?
4
What is the hundred thousands digit of 14179375?
1
What is the millions digit of 26202069?
6
What is the units digit of 298910?
0
What is the ten thousands digit of 760041?
6
What is the ten thousands digit of 54587?
5
What is the units digit of 574618?
8
What is the hundred thousands digit of 1486390?
4
What is the hundreds digit of 2829367?
3
What is the hundred thousands digit of 730928?
7
What is the thousands digit of 36283?
6
What is the thousands digit of 355965?
5
What is the units digit of 2332692?
2
What is the thousands digit of 19809266?
9
What is the units digit of 310816?
6
What is the millions digit of 2125920?
2
What is the thousands digit of 261742?
1
What is the hundreds digit of 657607?
6
What is the tens digit of 215023?
2
What is the ten thousands digit of 3710445?
1
What is the millions digit of 6954168?
6
What is the hundreds digit of 738200?
2
What is the tens digit of 1223840?
4
What is the units digit of 19691105?
5
What is the tens digit of 32274?
7
What is the units digit of 8015950?
0
What is the thousands digit of 241453?
1
What is the tens digit of 13574862?
6
What is the units digit of 255409?
9
What is the units digit of 2484590?
0
What is the thousands digit of 59925?
9
What is the units digit of 20056?
6
What is the ten millions digit of 10071472?
1
What is the hundreds digit of 268389?
3
What is the hundreds digit of 23059235?
2
What is the units digit of 191676?
6
What is the ten thousands digit of 609615?
0
What is the hundred thousands digit of 1892271?
8
What is the hundreds digit of 18811951?
9
What is the ten thousands digit of 100251?
0
What is the millions digit of 1460007?
1
What is the hundreds digit of 5241120?
1
What is the tens digit of 172529?
2
What is the tens digit of 1555208?
0
What is the ten thousands digit of 259196?
5
What is the hundreds digit of 172902?
9
What is the units digit of 480979?
9
What is the hundreds digit of 1651672?
6
What is the ten millions digit of 16374404?
1
What is the hundred thousands digit of 891878?
8
What is the hundreds digit of 297447?
4
What is the thousands digit of 2107778?
7
What is the hundreds digit of 2163532?
5
What is the units digit of 14662720?
0
What is the tens digit of 876103?
0
What is the hundred thousands digit of 1778637?
7
What is the thousands digit of 1526920?
6
What is the hundred thousands digit of 27898276?
8
What is the thousands digit of 2166367?
6
What is the hundreds digit of 681031?
0
What is the units digit of 263209?
9
What is the hundred thousands digit of 267602?
2
What is the units digit of 375678?
8
What is the ten thousands digit of 12406309?
0
What is the units digit of 117909?
9
What is the thousands digit of 375559?
5
What is the millions digit of 1611852?
1
What is the ten thousands digit of 222847?
2
What is the units digit of 294528?
8
What is the units digit of 153542?
2
What is the hundreds digit of 358505?
5
What is the tens digit of 574657?
5
What is the ten thousands digit of 2496156?
9
What is the hundreds digit of 5807304?
3
What is the thousands digit of 6506279?
6
What is the ten thousands digit of 141533?
4
What is the thousands digit of 1613403?
3
What is the thousands digit of 5947?
5
What is the thousands digit of 3713197?
3
What is the hundreds digit of 30172?
1
What is the millions digit of 2783394?
2
What is the thousands digit of 5162499?
2
What is the ten millions digit of 23651645?
2
What is the hundreds digit 